ime factors of (6 + r)*6/9?
2, 3
Let b(l) = 7*l**2 + 2*l + 1. Let c be b(-1). Suppose -38 = -4*u - c. What are the prime factors of u?
2
Let z be 3*-1*1/(-1). Suppose z*l - 14 = l. Suppose t - 3 = l. List the prime factors of t.
2, 5
Let n = 4 + 1. Suppose -n*t + 200 = -m + 3*m, 2*t - 96 = -4*m. What are the prime factors of t?
2, 19
Let h(r) = 5*r + 32. List the prime factors of h(30).
2, 7, 13
Let g(t) be the third derivative of 7/6*t**3 + t**2 + 0 + 0*t - 1/24*t**4. What are the prime factors of g(5)?
2
Let b = 25 + -12. Let u = b - 6. What are the prime factors of u?
7
Suppose -3*h = f - 41, 2*f - 2*h = -4*h + 86. Suppose -f = b - 5*b - 4*g, -5*b = -5*g - 45. What are the prime factors of b?
2, 5
Let v(t) = -3*t + 1. Let s be v(2). Let i = s + 3. List the prime factors of 6 + (i*1 - -2).
2, 3
Let k(n) = 23 - 2*n**2 - 4*n - 4*n - 25 - n**3. Let m(y) = y**3 + 3*y**2 + 9*y + 3. Let q(s) = -6*k(s) - 5*m(s). List the prime factors of q(3).
2, 3
Suppose 3*b - 41 = -4*s, 4*s + 5*b - 20 - 19 = 0. Suppose -4*u = -5*u - 3. Let t = s + u. List the prime factors of t.
2
What are the prime factors of (3 - 1)/((2/79)/1)?
79
Let v = 347 + -238. What are the prime factors of v?
109
Let x(b) = 6 - 2 - 5 + 3*b. What are the prime factors of x(2)?
5
Suppose -q + 292 = 3*q. What are the prime factors of q?
73
What are the prime factors of 91/3 - (-8)/(-24)?
2, 3, 5
Suppose 7 = v + 1. List the prime factors of 38/v + (-11)/33.
2, 3
Let d be ((-3)/(-5))/((-2)/(-20)). What are the prime factors of 18/2*d/9?
2, 3
Let u(q) = 9*q**2 + 4*q - 3. Let p be u(2). Suppose -2*a + 33 = -p. What are the prime factors of a?
37
Suppose 0*u + u = -1. Let f be (-2 - u)*(2 + -7). Suppose -t - 10 - 4 = -l, 0 = l + f*t + 16. List the prime factors of l.
3
Suppose 2*g + 5*c = 6*g - 409, 4*g = -3*c + 369. Suppose g = 6*h - 3*h. What are the prime factors of h?
2
Let q = -27 + 32. What are the prime factors of q?
5
Suppose 0 = -f + 5*j, -3*j - 11 = -3*f + 1. Suppose 0 = z + f*o + 7, o = z + 2*z + 5. List the prime factors of 3/z*30/(-9).
5
Suppose -i = 4*d + i - 16, 2*d - 12 = -3*i. Suppose 4*h + d*w - 2*w - 99 = 0, 0 = 5*h - 2*w - 140. List the prime factors of h.
2, 13
Let y = 149 - -12. Suppose 5*l - 2*a - y = 0, -7*l = -2*l + 2*a - 149. What are the prime factors of l?
31
Suppose -r + 15 = 2*z, -z = 2*z - 4*r - 6. Suppose z - 26 = 5*o. Let d = o + 11. What are the prime factors of d?
7
List the prime factors of 128 + -8 - (0 + 1).
7, 17
Let x be 2*11*5/10. Let k = x + -7. Suppose -k*g = -9*g + 25. What are the prime factors of g?
5
Let b(z) = z**2 + 5*z + 12. What are the prime factors of b(-6)?
2, 3
Suppose 2*j - 650 = -4*h, 5*j = -0*h - h + 1589. What are the prime factors of j?
317
Suppose 3*m + 8 = 26. What are the prime factors of m?
2, 3
Let m(h) = h - 5. Let x be m(-7). Let g = 20 + x. List the prime factors of 106/g + (-3)/12.
13
List the prime factors of 2/(-22)*-1168 + 4/(-22).
2, 53
Let d = 3 + 0. Suppose 3*h = -3, -z = d*h - h - 12. List the prime factors of z.
2, 7
Let n(k) be the second derivative of k**6/360 - 5*k**4/24 + k**3/3 + 2*k. Let a(q) be the second derivative of n(q). What are the prime factors of a(4)?
11
Suppose 0 = -d + 3*p - 9, -5*d + p = -3*p + 1. Suppose 0 = d*r - 1 - 11. Suppose -2*b - 4*w + 40 = 0, -3*w = b - r*w - 14. List the prime factors of b.
2
Suppose -3*i = -2*i - 8. List the prime factors of (88/i)/((-2)/(-4)).
2, 11
Let q(f) = -f**3 - 2*f**2 - 4*f - 7. Let l be q(-5). Let x = l - 48. What are the prime factors of x?
2, 5
Let f be 0 + (2 - 0) + -9. Suppose 5*g + 2*c - 14 = 36, 3*c - 39 = -3*g. Let n = g - f. List the prime factors of n.
3, 5
Let u(d) = d**3 - 5*d**2 + 12*d - 9. What are the prime factors of u(7)?
173
Suppose -2*j + 7*j = 155. Let s = 47 - j. Let r = s - 6. List the prime factors of r.
2, 5
Let k be (-1 + 2)*-12*2. Let o = k - -35. List the prime factors of o.
11
Let o(b) = 2*b + 20. What are the prime factors of o(11)?
2, 3, 7
Suppose 0 = -3*v - 7 + 43. What are the prime factors of v?
2, 3
Let q = -11 + 8. Let d = 8 + q. Suppose 0 = -5*m + 25 - d. What are the prime factors of m?
2
Let r be 2 - 7/(-2)*-2. What are the prime factors of r/(-3)*(-2 - -8)?
2, 5
Suppose 5*d = -5*v, -4*v + d = -2*d - 14. Suppose -v*k - 103 = -4*g - k, 4*g + 5*k = 133. List the prime factors of g.
3
Let l be 9/6*4/3. Suppose 5*f - 15 = l*b, 2*b - 6*b = 2*f - 30. Suppose k - 3 + 4 = -f*i, 25 = 5*k - 5*i. What are the prime factors of k?
2
Let g = -20 + 42. What are the prime factors of g?
2, 11
List the prime factors of ((-51)/18*4)/((-2)/15).
5, 17
Suppose 3*d = 0, 4*r + 3*d - 275 = -55. List the prime factors of r.
5, 11
Suppose 8*j - 168 = 6*j. List the prime factors of j.
2, 3, 7
Let t(s) = -8*s - 45. What are the prime factors of t(-18)?
3, 11
Let w(t) = t - 1. Let o(z) = -2. Let x(f) = o(f) - w(f). Let p be x(-3). Suppose -p*j = -2*i + 12, 0*j = 2*i - 4*j - 6. What are the prime factors of i?
3
Suppose -6 = -3*q - 0*q. What are the prime factors of (q - (-176)/20)*5?
2, 3
Let s = -8 - -10. Suppose -j + 27 = s*j. What are the prime factors of j?
3
Let f = 11 - 11. Suppose 2*w + 2*w - 132 = f. List the prime factors of w.
3, 11
Let m = 12 - 3. Suppose 2*x + m = 31. What are the prime factors of x?
11
Suppose 8 + 12 = -4*o, 3*g = -4*o - 29. Let m(n) = -28*n + 1. Let w be m(1). List the prime factors of g/(-6) + w/(-6).
5
Suppose -616 = -x - 6*x. List the prime factors of x.
2, 11
Suppose -5*n - 15 - 110 = 0. Let y = 31 - n. Suppose 0 = -5*h + h + y. List the prime factors of h.
2, 7
Let v(g) = -2*g**2 + 6*g - 2. Let x be v(6). Let k = x + 89. Let z = k - 34. List the prime factors of z.
17
Let z = 3 + -3. Suppose -4*p + 2 = -a - z*a, -3*p = -2*a + 1. Suppose -a*f - 39 = -5*f. List the prime factors of f.
13
Let d be (8/2 - 3)*38. Suppose 8 = 5*j - 12. Suppose 10 = -j*q + d. What are the prime factors of q?
7
List the prime factors of -1*2 - (-6 + -2).
2, 3
Suppose -3*l = 2*l - 120. Suppose -2*g - l = -5*g. List the prime factors of g.
2
Let v(l) = -3*l**3 - 19*l**2 - 9*l + 1. List the prime factors of v(-7).
2, 3
Suppose 2 = -2*d, 2*u - 6*u - d = 1. Let v be (-1 - u)*(-8 + 5). Suppose 4*p + 35 = 3*s, v*s - 3*p = 2*p + 37. What are the prime factors of s?
3
Let b(w) be the first derivative of -w**3/3 - 3*w**2 - 2*w - 4. Let c = 4 - 8. List the prime factors of b(c).
2, 3
Suppose 214 + 152 = 3*s. List the prime factors of s.
2, 61
Let a be 8/(-6) + (-4 - 30/(-9)). Let o be (-5)/((-4 - -2)/2). Let x = o + a. List the prime factors of x.
3
Let n = 232 - 130. Suppose o + 2*o = n. What are the prime factors of o?
2, 17
Let m(k) = k - 4. Let r be m(6). Suppose -14 = -r*h + 6. List the prime factors of h.
2, 5
Suppose 3*f = -3*s + 18, -5*f + 30 = -0*f - 3*s. What are the prime factors of f?
2, 3
Let c(b) = b**2 + 11*b - 6. Let j be c(-12). Suppose 4*g - 18 = j. What are the prime factors of g?
2, 3
Let i(z) = -z**3 - 10*z**2 + 9*z - 6. What are the prime factors of i(-11)?
2
What are the prime factors of 16/(3 - (-7)/(-3))?
2, 3
Suppose -2*t + 98 = -164. What are the prime factors of 8/32 + t/4?
3, 11
Let m(q) = -q. Let v(x) = 10*x. Suppose -s = 5*f + s + 11, -3*f + s = 0. Let o(w) = f*v(w) - 5*m(w). What are the prime factors of o(-1)?
5
Suppose -2*f = -5*f + 18. Suppose 20 = 4*o, r - 3*r - 2*o = -f. List the prime factors of 3 + (0 - r)/(-2).
2
Suppose -15 = -4*i - h, -h + 3*h + 6 = i. Suppose i*s - 40 = -4*m, -3*s + m = -s - 23. List the prime factors of s.
11
Let s = 6 - 6. Suppose -2*i - 2*i + 28 = s. Let x = i - -1. List the prime factors of x.
2
Let t(u) = -u - 1. Let g(l) = -l**2 + 2*l + 3. Let v(r) = -g(r) - 5*t(r). Suppose 6 = -4*p - 2*x, -2*x = 3*p + x. What are the prime factors of v(p)?
2
What are the prime factors of (-59)/(-2) - 3/6?
29
Let b(h) = h**2 - 6*h - 2. Let k(f) = -1. Let r(a) = -b(a) - 6*k(a). What are the prime factors of r(6)?
2
Let m be ((-8)/(-10))/((-1)/5). List the prime factors of 3 + (-1 - (m + 2)).
2
Let m(a) = -69*a - 1. What are the prime factors of m(-1)?
2, 17
Let n(d) = d + 1. Let s be n(-2). List the prime factors of (8/(-20))/(s/5).
2
Suppose -o - 16 = -7. Let m = -6 - o. List the prime factors of m.
3
Let p be (-4)/6 + 292/(-12). What are the prime factors of 2/(-10) - 455/p?
2, 3
Let r be (-3)/9 + (-2)/